 + 1 = b. Let t(d) = -2*d - 1. Let x be t(-3). Suppose 3*q - 3*l + 6 = 0, -x*q - 5*l - 2 = -22. What is the greatest common divisor of b and q?
1
Suppose -v = 2*m - 18, -2*m + 46 = 3*m + 3*v. Calculate the greatest common factor of 8 and m.
8
Let c(f) = 17*f. Let w be c(3). Suppose 5*n - 2*n - w = 0. Suppose -3*x = 4*t - n, 2*x + 3*t - 13 = 2*t. Calculate the highest common divisor of 28 and x.
7
Suppose z = 1, 2*l + 3*l + 4*z = 4. Let u = l - -2. Suppose u*a - 192 = -2*a. What is the highest common divisor of 32 and a?
16
Let a be (30 - 0)*(-2)/(-2). Suppose -6*t + a = -t. Suppose t = 3*h - 2*o - 24, 2*h = -2*o + 20. Calculate the greatest common divisor of h and 40.
10
Let v(i) be the third derivative of i**4/6 - i**3/3 + i**2. Let f be v(4). Suppose o - 24 = 32. Calculate the highest common factor of f and o.
14
Let u = 76 + -65. What is the greatest common factor of 55 and u?
11
Suppose -4*v = v - 315. Calculate the highest common factor of v and 7.
7
Let b be 6/4*(-4)/6. Let c be 3*b*(-10)/3. Suppose 2*i = -9*i + 110. What is the greatest common divisor of c and i?
10
Suppose 5*d - 116 = -s - 26, 3*d = s + 62. What is the greatest common divisor of 209 and d?
19
Suppose -2*k = 3*l - 56 - 142, 268 = 4*l + 4*k. Calculate the greatest common factor of 16 and l.
16
Let c(r) be the first derivative of -r**3/3 + 13*r + 1. Let a be c(0). Let u be (-1 - 25)*(-2)/4. Calculate the greatest common factor of a and u.
13
Let g(j) = -j**3 + 7*j**2 - j. Suppose 0 = -3*o + 9 + 9. Let f be g(o). What is the greatest common divisor of 45 and f?
15
Let d be 4/(-14) - 1432/(-14). Suppose 2*x - 36 = -5*s, -4*s - s - d = -4*x. What is the highest common divisor of 115 and x?
23
Let x(z) = -z**3 - z**2 - 4*z - 4. Let q(j) = 2*j + 10. Let d be q(-7). Let w be x(d). Let b = 6 + w. What is the greatest common divisor of b and 6?
6
Suppose -3*w + v = 5 - 3, 2*v - 6 = 4*w. Suppose 3*s - 5*s = 0. Let q be s + -2 + (-2 - -13). Calculate the greatest common divisor of q and w.
1
Suppose 4*u = 5*i - 555, 2*i - 5*i + 4*u = -325. What is the greatest common divisor of 46 and i?
23
Let g be (-2)/(-4) + (-222)/(-4). Let a(p) = 2*p**2 + 8*p - 4. Let s be a(-7). Suppose -4*y - 10 + s = 0. What is the greatest common divisor of y and g?
7
Let t(v) = v**3 - 7*v**2 - 7*v + 10. Let m be t(8). What is the greatest common factor of m and 36?
18
Suppose 35 = 2*s + 3*g - 4, 4*s = -g + 63. Let p be 8/12 - 20/3. Let h = p + 11. Calculate the highest common divisor of h and s.
5
Suppose q + 2*v - 14 = 0, -4 = -2*v - 12. Let s = 7 - -48. What is the greatest common divisor of q and s?
11
Let c = 0 + 20. Suppose 0 = 4*w - c, 3*u + w - 5*w = 37. Let k(r) = r**3 + 171. Let h be k(0). Calculate the highest common divisor of h and u.
19
Let m = 25 - 23. What is the greatest common factor of 2 and m?
2
Let g = 46 - 25. What is the highest common factor of 7 and g?
7
Let n = 17 + 7. Let j(b) = -12*b**2 + 19*b**2 + 1 - 4. Let f be j(3). Calculate the greatest common factor of f and n.
12
Suppose 3*g + 2*v = 6*v + 342, g - 4*v - 122 = 0. Let l(u) = u**2 - u - 1. Let j be l(-1). Let m = j - -9. Calculate the greatest common divisor of m and g.
10
Let q be ((-15)/4)/((-1)/16). Calculate the greatest common factor of 24 and q.
12
Let b(g) = 3*g - 31. Let d be b(11). What is the highest common divisor of 4 and d?
2
Suppose -188 = -6*s - 68. What is the highest common divisor of s and 40?
20
Suppose 4*c = 3*s + 13, -11 = -4*c + 2*c - 3*s. Suppose 1661 = c*x + 97. Suppose 49 + x = 5*o. What is the greatest common divisor of o and 8?
8
Let d = -13 - -22. Calculate the highest common divisor of 9 and d.
9
Let t be 19 + (4 - 3/1). Let v = 34 + -24. Calculate the highest common divisor of v and t.
10
Let t be ((-21)/9)/(2/(-18)). Calculate the greatest common divisor of t and 3.
3
Suppose -13 + 73 = 5*w. Let b be (0 + (-60)/(-9))*w. Calculate the greatest common divisor of b and 10.
10
Let r = 213 - 192. Calculate the greatest common divisor of r and 35.
7
Let r be 10/(-55) - (-134)/11. Calculate the highest common divisor of 36 and r.
12
Let d(o) = 2*o**2 + 2*o - 2. Suppose 12 = 5*r + 2. Let f be d(r). What is the highest common divisor of 80 and f?
10
Suppose -15*z + 25 + 110 = 0. What is the greatest common divisor of z and 72?
9
Suppose 0*a - 2*a = 4. Let m be (0 + a - 1) + 11. Let f be m/(-2 + 0)*-4. Calculate the greatest common divisor of 112 and f.
16
Let j = -68 + 35. Let y be j*-5*1/3. Suppose 4*l + 2*u + 0*u = 88, -44 = -2*l + 5*u. Calculate the greatest common factor of l and y.
11
Suppose 2*x - 44 + 18 = 0. Let t = 6 + -6. Suppose 52 = 4*i - t*i. What is the highest common factor of x and i?
13
Suppose -9*d + 100 = -8. What is the highest common divisor of d and 54?
6
Let b be 4/10 + (-32)/(-20). Suppose i - 77 = -2*h - 0*h, -b*i + 118 = 3*h. What is the highest common factor of h and 24?
12
Suppose 6*f = -4*u + f + 1003, 0 = u - 2*f - 254. Suppose -y - u = -5*y. Calculate the highest common divisor of y and 7.
7
Let z be (-66)/(-4)*10/3. Calculate the greatest common divisor of 11 and z.
11
Let o be (7/2)/((-3)/(-7 - -1)). What is the greatest common divisor of 63 and o?
7
Let b(g) = -g**2 - 4*g - 4. Let n be b(-3). Let c be (-48)/(3 + -5 - n). Calculate the greatest common divisor of c and 6.
6
Suppose 28 + 16 = 4*m. Suppose -50 + m = -3*v - d, -13 = -v - 2*d. Calculate the greatest common divisor of 13 and v.
13
Let l be (-1)/(13/(-14) + 1). Let n be 0 - -115 - (l - -17). Let z = 12 + 4. What is the highest common factor of z and n?
16
Suppose 13*u - 21 = 6*u. What is the highest common divisor of u and 69?
3
Suppose b = l - 13, -34 = -4*l - 0*b - 2*b. Suppose -k - k = -l. Let q be ((-2)/k)/((-2)/30). What is the greatest common divisor of 15 and q?
3
Let x = -23 - -29. Suppose 5 = -5*w, 4*v + 3*w - 2*w = 35. Calculate the highest common divisor of x and v.
3
Let h(z) = 4*z**2 + z. Let f be h(1). Suppose 4*q - f*m - 65 = 0, 7*m - 15 = 2*m. What is the greatest common factor of q and 220?
20
Let t be ((-42)/(-9))/(1/3). Calculate the greatest common factor of 7 and t.
7
Suppose 5*g + 960 = 4*q + q, 0 = -5*g - 15. Calculate the highest common factor of 27 and q.
27
Let t = 2 + 13. Suppose 0*o - 5*o = -t. Calculate the highest common factor of 3 and o.
3
Suppose -2*w = -3*c - 3, 0 = -2*w + 2 + 4. Suppose 0 = -s - 5*a - c, 0 = -2*s + s - 2*a - 4. Let r = 19 + s. What is the greatest common factor of 39 and r?
13
Suppose 171 = 2*l - 313. What is the greatest common factor of l and 22?
22
Let g = 129 - 73. Let o(x) = 5*x - 2. Let y be o(2). What is the greatest common factor of y and g?
8
Suppose 3*r - 42 = -0. Let m = r + -12. What is the highest common factor of 14 and m?
2
Let k be 18/(-15)*10/(-3). Let a = k + -1. Let o = 8 - a. Calculate the highest common factor of 35 and o.
5
Let o = 11 + -9. Suppose 0 = 3*z + z - 8, 3*h - 112 = -o*z. Calculate the greatest common factor of h and 4.
4
Let d = -57 + 94. Let v = d + 28. Calculate the greatest common divisor of v and 13.
13
Let t(a) = -a**2 + 33*a + 48. Let q be t(31). What is the greatest common factor of 55 and q?
55
Let h(r) = -5*r + 2. Suppose 0 = -3*d - 0*d - 6. Let u be h(d). Let a = -4 + 10. Calculate the greatest common factor of a and u.
6
Let m be (-4)/7*(-15 + 1). Calculate the highest common divisor of m and 20.
4
Let z = 2 + -1. Let o be (4/(-3))/1*6/(-4). Let g be (z - (o - 3)) + 0. What is the highest common factor of 3 and g?
1
Let m = 123 - 107. Calculate the highest common divisor of 8 and m.
8
Let x be 18 + -1 - (-5 + 4). Suppose -2*i + 272 - 48 = 0. Suppose -3*s - 69 = -3*k, 5*s - i = -4*k + 4*s. What is the greatest common factor of x and k?
9
Let l be (-18)/(-45) - 646/(-10). Let b = l + -39. What is the highest common factor of 39 and b?
13
Let y be 35/7 + (-1 - 2). Suppose y*n = -3*n + 200. What is the highest common factor of n and 5?
5
Suppose 2*y + 2*i = 6*y - 380, 0 = 3*i - 6. What is the highest common factor of y and 24?
24
Let g be 1/3*(4 - 1). Calculate the highest common divisor of 1 and g.
1
Suppose 0 = -3*u + 4*h - 361, 4*u = -5*h - 558 + 87. Let x = -39 - 0. Let y = x - u. Calculate the highest common divisor of y and 10.
10
Suppose -5*f - 5 = -180. Suppose -9*v + 23 = -22. What is the greatest common 